r = 99 - 28. What are the prime factors of r?
71
Let u(b) = 7*b - 9. List the prime factors of u(11).
2, 17
Let z = -7 + 7. Let v(o) = -o**3 - o**2 + o - 1. Let x be v(z). List the prime factors of 8 + -4 + (x - 0).
3
Suppose 0 = -6*f + 5*f + 60. List the prime factors of f.
2, 3, 5
Let r = -34 + 77. What are the prime factors of r?
43
What are the prime factors of (-64)/24*174/(-8)?
2, 29
Suppose -3*q + 2 = -1, 3*q = -5*l + 423. What are the prime factors of l?
2, 3, 7
Let b(s) be the second derivative of s**5/20 + 11*s**4/12 - s**3/6 - 2*s**2 - s. Suppose 3*g + 3*w = -42, 5*g - w = -0*g - 52. List the prime factors of b(g).
7
Let j = -4 + 9. Suppose -z + 5*h + 0 = 34, 0 = -4*z - j*h - 61. Let p = z - -28. List the prime factors of p.
3
Suppose -b - 5*c = -31, -3 - 1 = 2*c. What are the prime factors of b?
41
Let j(b) = 48*b - 8. What are the prime factors of j(3)?
2, 17
Suppose 0 = -4*q - 12, q + 121 = f - q. What are the prime factors of f?
5, 23
Suppose -5*o + 1138 + 282 = 0. List the prime factors of o.
2, 71
Suppose -y + 50 = y. What are the prime factors of y?
5
Let m(s) be the third derivative of s**5/60 + s**4/8 + 2*s**3/3 + s**2. What are the prime factors of m(-4)?
2
Let k(y) = -4*y**2 + 1. Let j be k(1). Let t be -3 + 1 - j/1. List the prime factors of (3/4)/(t/8).
2, 3
Suppose 2*j + 195 = 4*f - 91, 0 = -5*j + 15. List the prime factors of f.
73
Suppose p = -5*i - 38, 6*p + 19 = -i + 2*p. Let h = i + 15. What are the prime factors of h?
2
Let k(l) = l**2 + 2*l + 8. Let j be k(-4). Suppose -11 = -b + j. What are the prime factors of b?
3
Let c(q) = q**2 - 2*q - 5. What are the prime factors of c(4)?
3
Let w(z) = 227*z**2 + 2*z - 2. List the prime factors of w(1).
227
Suppose 6*p - 676 - 248 = 0. List the prime factors of p.
2, 7, 11
Let v(n) = -9*n - 2. What are the prime factors of v(-5)?
43
Let x(o) = 6*o**2 + 6*o + 6. What are the prime factors of x(-4)?
2, 3, 13
Suppose -5*o - 5*n = -4*n - 448, -5*o = -5*n - 430. What are the prime factors of o?
89
Let l(u) = -u**2 + 1. Let c be l(-1). Let t = c + 2. Let k(w) = 2*w**2 - 3*w + 2. List the prime factors of k(t).
2
Let f(w) = w**2 + 6*w + 6. Let z be f(-9). Suppose 5*s = z + 12. List the prime factors of s.
3
Let p = 14 + -10. Suppose v = 2*v + 3*x + 3, 11 = v - p*x. Suppose 12 = v*b - b. List the prime factors of b.
2, 3
Let d be (-1 - 2)*-3*1. Let t = d - 6. List the prime factors of t.
3
Let z be ((-12)/(-10))/(1/5). Let k = z - 4. Suppose -2*s = k*s - 40. What are the prime factors of s?
2, 5
Let k(c) = -29*c - 24. List the prime factors of k(-11).
5, 59
Let n(s) = -3*s**3 - 2*s**3 - 5*s**2 + 4*s**3 + 4*s + 3. What are the prime factors of n(-6)?
3, 5
Let q be 2/((-8)/(-12)) - 14. Let d = q + 32. List the prime factors of d.
3, 7
Suppose 7*w = w + 330. What are the prime factors of w?
5, 11
Let y(b) = 3*b - 3. Let t(u) = -13*u + 11. Let n(c) = 2*t(c) + 9*y(c). Suppose 0*d = 4*d - 28. What are the prime factors of n(d)?
2
Let r(y) = -y**3 - 10*y**2 - 8*y + 13. Let p be ((-4)/(-12))/(2/(-6)). Let i be p/2 - 17/2. What are the prime factors of r(i)?
2
Let a = -2 - 5. Let y = 10 + a. Suppose -v = -y*s + 18, -2 = -2*s + 4*v - 0. List the prime factors of s.
7
Let x be (3 - 1) + 3 - 2. List the prime factors of x/(-2)*1*-4.
2, 3
Let i be 12 - 1 - (-4 + 6). Suppose 8 = x - i. List the prime factors of x.
17
Suppose 8 = -2*x - 30. Let c = x + 29. What are the prime factors of c?
2, 5
Let b(z) = -z**3 - 3*z**2 - 2*z - 3. Let m(s) = 0 + 8 - 2*s + 1. Let t be m(6). List the prime factors of b(t).
3
List the prime factors of (-1290)/40*40/(-6).
5, 43
List the prime factors of 1*((-3627)/(-54) - 2/12).
67
Suppose -8*a + 13*a = 30. Suppose a*j + 0 = 30. List the prime factors of j.
5
Let a = -47 + 94. List the prime factors of a.
47
Suppose 0 = a + 2*a - 264. List the prime factors of a.
2, 11
Suppose 0 = -5*w - 2*x + 72, -3*w + 3*x + 46 = 7*x. Suppose 5*z = -25, -h - w = -2*h - z. What are the prime factors of h?
19
Let c(x) = -6*x. Let k be c(6). List the prime factors of 9/k + 9/4.
2
Let m = -97 - -19. Let n be m/(-8)*40/15. Let o = n - 15. List the prime factors of o.
11
Let n be 1 + 2/6*39. Suppose n*c = 9*c + 45. What are the prime factors of c?
3
Suppose -c = -5*q - 27, 3*c - q = q + 16. Suppose -t - 13 = 4*z, -z + 9 = 4*t - c*t. List the prime factors of t.
7
Let y = -6 - -26. List the prime factors of y.
2, 5
Suppose -2*y = -0*y + 6. What are the prime factors of 12/18 + (-37)/y?
13
Suppose -48 - 168 = -4*u. Suppose -2 - u = -4*c. What are the prime factors of c?
2, 7
Suppose 0 = -4*j - 2*y + 210, 3*y - 82 = -3*j + 68. Let b = 77 - j. List the prime factors of b.
2, 11
Let l be -5*(9/3)/(-3). Let k = l + -1. What are the prime factors of k?
2
Suppose 4*r + 8 = 0, 0 = 3*a - 0*a + 4*r - 7. Let q = 9 - a. List the prime factors of q.
2
Let d(p) = -35*p - 7. Let n be d(-5). Let j = n - 98. Suppose -5*l - 1 + 2 = -2*k, -j = -5*k - 2*l. List the prime factors of k.
2, 3
Let c be 2 - 2 - (9 - 2). Let m = c - -2. What are the prime factors of (m/(-2) + 0)*2?
5
Let z(i) be the third derivative of 7*i**5/20 - i**4/12 - 2*i**2. Let t be z(2). Suppose 3*d - t = -d. List the prime factors of d.
2, 5
Let n be (0 - 4) + 2 + 1. Let q be 1 - -1 - (1 + n). Suppose -g = -q*g + 6. What are the prime factors of g?
2, 3
List the prime factors of (-4)/((-408)/100 - -4).
2, 5
Suppose -9 + 1 = -2*f. Let j = 6 - f. What are the prime factors of -3 + j + -1 + 12?
2, 5
Suppose 0 = 4*w + 3*b - 5*b + 58, -3*b = -4*w - 53. Let x = 2 + w. List the prime factors of ((-8)/10)/(6/x).
2
Let l be 0 - -2 - 30/6. Let o be (11 - -1)*2/l. Let k = o - -13. What are the prime factors of k?
5
Let m(k) = 4*k**2 - 2*k + 1. Suppose -3*d - 2*d + 5 = 0. Let j be m(d). What are the prime factors of j - (2 + -1)*-2?
5
Suppose 0*m + 34 = m. List the prime factors of 1/(-2) - m/(-4).
2
Suppose 8 + 19 = 3*n - 3*p, -5*p - 39 = -4*n. What are the prime factors of (-522)/(-27)*n/4?
29
Let w(v) = 73*v + 6. List the prime factors of w(1).
79
Let y(q) = 9*q - 9. Let c(g) = -g**2 - 4*g + 5. Let d be c(-4). What are the prime factors of y(d)?
2, 3
Let j(g) = -g. Let y be j(0). Suppose -3*k + 17 + 37 = y. List the prime factors of k.
2, 3
Let h be (-2)/(-4) - (-3)/2. Suppose -h*y - 2 + 8 = 0. Suppose 42 = -0*o + y*o. What are the prime factors of o?
2, 7
Let z be (1 - (1 + -1))*-2. Suppose -6*n + 11 = -1. Let p = n - z. List the prime factors of p.
2
Suppose b - 6 = -5*o, o - 4*b = -8*b + 5. Let r be 5 - 1 - (o + 0). Suppose 6 = 2*x, 0*m = 4*m + r*x - 37. List the prime factors of m.
7
Suppose -2*r - 2*r + 24 = 0. What are the prime factors of (4/r - 2)*-6?
2
Suppose 5*d = 0, -2*m = -5*m - 4*d + 12. Suppose -3*n + m*h = -n - 14, 4*h = 20. List the prime factors of n.
17
Let l = 36 - 24. List the prime factors of l.
2, 3
Let u be (-5)/(-20) - 3/12. Suppose 84 = 4*x + 3*y, 0 = 3*x + y - u*y - 63. List the prime factors of x.
3, 7
Let f(w) = 21*w**3 - 2*w + 1. List the prime factors of f(1).
2, 5
Let n(y) = -y**2 - 31*y + 90. List the prime factors of n(-27).
2, 3, 11
Suppose k + 19 + 11 = 3*z, 5*k = -4*z - 112. What are the prime factors of ((-2)/6)/(2/k)?
2
Suppose 5*g = -0*g - 2*m + 101, 107 = 5*g + 4*m. List the prime factors of g.
19
Let w = -10 + 34. Let i be 0*(-2 + 1) - 15. Let p = w + i. What are the prime factors of p?
3
Let t = 6 + -3. Suppose 5*y = -5*h + 15, h - 3 = -t*y - 0*y. Let r = 11 + h. List the prime factors of r.
2, 7
Suppose -2*d = d + 45. Let s be 99/4 - 7/(-28). Let c = s + d. What are the prime factors of c?
2, 5
What are the prime factors of ((-4)/4)/(3/(-168))?
2, 7
Let u(w) = -w**3 - 7*w**2 - 10*w - 9. Let g be u(-7). Let d = 96 - g. List the prime factors of d.
5, 7
What are the prime factors of -12*2/2*-1?
2, 3
Let m = 89 + -84. List the prime factors of m.
5
Let q(i) = -2*i**3 - 4*i**2 - i - 2. Let r be q(-3). Let m be 1*((2 - 1) + 3). Suppose 5*b = -5*k, m*b - 21 = 4*k + r. What are the prime factors of b?
5
Let f(r) = r**3 - 9*r**2 + 9*r - 5. Let z = -1 - -9. List the prime factors of f(z).
3
Let d(a) = -a**2 - 4*a + 1. Let m be d(-3). Suppose -m = y - 2*x, -x + 25 = -5*y + 4*x. Let h = y + 8. What are the prime factors of h?
2
Suppose 0*b - 3*o - 15 = -3*b, -o = 4*b + 5. Suppose -3*x + c + 21 = b, 5*x - 6*x 